
What is the greatest common divisor of 1568 and 8736?
224
What is the greatest common divisor of 22 and 7466?
2
Calculate the greatest common factor of 2449 and 12798.
79
Calculate the highest common divisor of 99144 and 5984.
136
Calculate the highest common factor of 3183 and 3541618.
1061
What is the highest common divisor of 1926666 and 54?
54
Calculate the highest common divisor of 14195 and 2963916.
2839
What is the highest common factor of 1892 and 4642?
22
What is the highest common factor of 228 and 4500?
12
Calculate the highest common divisor of 59 and 480968.
59
What is the highest common divisor of 99522 and 1539?
513
What is the greatest common divisor of 8062744 and 111?
37
Calculate the highest common divisor of 349 and 671127.
349
What is the highest common factor of 78166 and 1444?
38
What is the highest common divisor of 6567918 and 84?
42
What is the highest common factor of 4208 and 8?
8
Calculate the highest common divisor of 31878 and 428421.
483
What is the greatest common divisor of 34684 and 449558?
1334
Calculate the greatest common divisor of 64 and 184936.
8
Calculate the highest common divisor of 436453 and 963.
107
What is the greatest common divisor of 88 and 22748?
44
Calculate the greatest common factor of 33 and 1072203.
33
Calculate the greatest common factor of 62234 and 257346.
1682
Calculate the highest common factor of 10856 and 1932.
92
What is the highest common factor of 4 and 428396?
4
Calculate the greatest common divisor of 336306 and 552.
138
What is the highest common divisor of 175 and 1455?
5
Calculate the highest common factor of 2735306 and 658.
658
Calculate the greatest common factor of 568204 and 26.
26
What is the greatest common factor of 558 and 62682?
186
What is the highest common divisor of 508 and 5080?
508
Calculate the highest common divisor of 103616 and 1.
1
What is the highest common factor of 30 and 11721?
3
Calculate the highest common factor of 540 and 21420.
180
What is the highest common divisor of 3240 and 4500?
180
Calculate the greatest common factor of 1603 and 2101991.
229
What is the greatest common divisor of 304 and 3667?
19
What is the highest common factor of 160 and 3544?
8
Calculate the highest common factor of 95 and 49685.
95
Calculate the greatest common divisor of 10760 and 120.
40
Calculate the greatest common factor of 143 and 17368.
13
Calculate the greatest common divisor of 37 and 35557.
37
What is the greatest common divisor of 1207 and 34?
17
Calculate the highest common divisor of 146 and 416830.
146
Calculate the greatest common divisor of 1026689 and 62.
31
Calculate the highest common divisor of 496 and 1472.
16
Calculate the highest common divisor of 3588 and 335892.
276
What is the highest common divisor of 60812 and 92?
92
Calculate the highest common divisor of 62 and 78262.
2
What is the highest common divisor of 20044 and 20?
4
What is the greatest common factor of 72 and 96504?
24
Calculate the highest common divisor of 6929 and 5.
1
Calculate the greatest common divisor of 20 and 12310.
10
Calculate the highest common divisor of 35973 and 693.
63
What is the highest common divisor of 13695 and 660?
165
Calculate the greatest common factor of 12174 and 42.
6
Calculate the greatest common divisor of 30 and 11369010.
30
Calculate the greatest common factor of 212 and 358916.
212
Calculate the greatest common divisor of 35 and 13811035.
35
What is the greatest common divisor of 460 and 176?
4
Calculate the highest common divisor of 2560092 and 2536.
1268
What is the greatest common factor of 63851 and 871?
67
Calculate the highest common divisor of 7102 and 53.
53
Calculate the greatest common factor of 314 and 484502.
314
Calculate the greatest common factor of 6 and 25554.
6
What is the highest common factor of 66 and 1827034?
22
What is the greatest common factor of 18293 and 22?
11
Calculate the highest common factor of 7389 and 117.
9
What is the highest common factor of 3253193 and 106?
53
What is the highest common divisor of 314509 and 676?
169
What is the highest common factor of 616788 and 108?
108
What is the greatest common divisor of 450 and 14700?
150
What is the highest common divisor of 543 and 264?
3
What is the greatest common factor of 65850 and 1345974?
2634
What is the highest common factor of 8098 and 156?
2
Calculate the greatest common divisor of 4352 and 1280.
256
Calculate the highest common divisor of 1863 and 129789.
621
What is the greatest common factor of 7 and 138901?
7
Calculate the greatest common divisor of 784 and 725788.
196
What is the highest common divisor of 2299608 and 7872?
984
What is the highest common factor of 90 and 432090?
90
What is the greatest common divisor of 100 and 14375?
25
Calculate the highest common factor of 13098183 and 42.
21
Calculate the greatest common factor of 240 and 81150.
30
What is the greatest common factor of 807 and 939886?
269
Calculate the greatest common divisor of 62715 and 105.
15
What is the greatest common factor of 70 and 56014?
14
Calculate the highest common divisor of 221 and 961129.
221
What is the highest common factor of 10440 and 55260?
180
What is the greatest common divisor of 2714 and 322?
46
Calculate the greatest common factor of 1135273 and 251.
251
Calculate the highest common factor of 391 and 174662.
23
Calculate the greatest common factor of 20604 and 23868.
204
What is the greatest common factor of 1085 and 24521?
217
Calculate the highest common divisor of 2299 and 56639.
209
What is the greatest common divisor of 498553 and 183?
61
Calculate the highest common divisor of 10 and 208090.
10
Calculate the greatest common divisor of 1362998 and 130.
26
What is the greatest common divisor of 4840 and 29128?
88
What is the highest common factor of 129880 and 250?
10
What is the highest common divisor of 1406 and 6498?
38
What is the highest common factor of 1373 and 18297971?
1373
What is the greatest common divisor of 312 and 226707?
39
Calculate the highest common divisor of 87766 and 21.
7
What is the greatest common divisor of 7942 and 187?
11
What is the greatest common divisor of 158616 and 54?
18
What is the highest common divisor of 192 and 8784?
48
Calculate the greatest common factor of 6 and 520152.
6
What is the highest common factor of 2794 and 43688?
254
Calculate the greatest common factor of 34829 and 58.
29
What is the greatest common divisor of 247 and 533?
13
Calculate the greatest common factor of 17870 and 72.
2
Calculate the greatest common factor of 882 and 713244.
294
What is the highest common factor of 2823023 and 28?
7
Calculate the highest common divisor of 2835 and 41440.
35
Calculate the greatest common factor of 12208 and 545.
109
What is the highest common factor of 5512 and 21094?
106
Calculate the highest common divisor of 100 and 18490.
10
What is the highest common divisor of 317702 and 308?
154
Calculate the greatest common divisor of 36 and 58761.
9
What is the highest common factor of 17549 and 20608?
161
Calculate the greatest common factor of 661141 and 39.
13
Calculate the highest common divisor of 310 and 2499995.
155
Calculate the greatest common factor of 8540 and 70150.
610
Calculate the greatest common factor of 10 and 69355.
5
What is the greatest common factor of 12505268 and 1292?
1292
Calculate the highest common factor of 7397 and 87626.
569
What is the highest common factor of 70 and 11244730?
70
What is the highest common divisor of 90 and 320?
10
Calculate the highest common divisor of 158032 and 34748.
476
What is the highest common factor of 1101 and 5765937?
1101
Calculate the highest common divisor of 864 and 1470816.
288
Calculate the highest common divisor of 24948 and 1155.
231
Calculate the greatest common divisor of 123673 and 77.
11
Calculate the greatest common factor of 168001 and 6407.
43
What is the greatest common divisor of 1544 and 199369?
193
What is the greatest common factor of 8076 and 1896?
12
Calculate the greatest common divisor of 5568517 and 373.
373
What is the greatest common divisor of 133569 and 17?
17
Calculate the highest common factor of 342 and 8854.
38
Calculate the highest common divisor of 3845 and 90742.
769
Calculate the highest common factor of 197